1
Suppose -2548 = 15*i + 1982. Let b = i + 899. What is the tens digit of b?
9
Let h = 41361 - 29094. What is the hundreds digit of h?
2
Suppose -7*u + 99880 = s + 2*s, 3*u + 66579 = 2*s. What is the thousands digit of s?
3
Let d(r) = -2152*r + 12955. What is the thousands digit of d(-21)?
8
Let n be (-4)/(-18) + 68*(-4)/(-72). Suppose -r = -5 + n, -f - 2*r + 207 = 0. What is the units digit of f?
5
Let k = -8820 + 15528. Suppose k = 9*n - 7818. What is the tens digit of n?
1
Let k(g) = -g**2 + 8*g + 12. Let u be k(9). Suppose 4*n + 48 = 4*j, -2*n + 50 = u*j + 2*n. Suppose j = 5*t - 1. What is the units digit of t?
3
What is the units digit of 10/20 + (-92195)/(-10)?
0
Suppose -12*z + 16 = -8*z. Suppose 4*c = -26 - 30. What is the units digit of 89*((-7)/(c/z) - 1)?
9
Let v(r) = 10*r + 75. Let n be v(-7). Suppose 2219 = n*a + 2*a. What is the hundreds digit of a?
3
Let g = 86 - 125. Let a = -36 - g. Suppose -3*j + 3 = 3*h, -a*j = 4*h - 7*h - 3. What is the units digit of j?
1
Suppose -62*x - 180*x = -22022. What is the units digit of x?
1
Suppose -2688 = -11*r + 53720. Suppose 55*p - r = 47*p. What is the units digit of p?
1
Let u(h) = -3*h**2 - 57*h - 54. Let i be u(-20). Let f = i - -628. What is the tens digit of f?
1
Let h = 15 + -15. Suppose h = 2*y - y - 2*y. Suppose -z + 28 + 22 = y. What is the units digit of z?
0
Let y(o) = o**3 + 14*o**2 - o - 6. Let q be y(-14). Let x be 11/22*q*1. What is the units digit of (3 + -130 + -4 - x)*-1?
5
Let w = -1 - -110. Let m = w + -12. What is the units digit of m?
7
Let c(s) = 114*s**2 - 10*s - 1. Let m be c(2). Suppose 2*b - 1009 = m. What is the tens digit of b?
2
Let u(q) = -2104*q**3 + 4*q**2 + 26*q + 32. What is the hundreds digit of u(-2)?
8
Let o be (6/15*-2)/((-4)/30). Let r be o/(-8) + (155/20 - 7). Suppose -5*c - 23 = 2*t - 6, r = -4*t + 3*c + 31. What is the units digit of t?
4
Let r(o) = 8*o**3 + 6*o**2 + 14*o - 29. What is the tens digit of r(7)?
0
Let o(m) = -m**3 + 10*m**2 + 807*m - 14. What is the tens digit of o(30)?
9
Suppose -84*u - 217875 = -1309455. What is the thousands digit of u?
2
Let v = -302 + 305. What is the tens digit of 2/3 + 10/v - -311?
1
Let m = 895 + -411. Let y be 28/196 - m/7. What is the tens digit of 6/15 + -31*y/15?
4
Let j(w) = 707*w**3 - 1412*w**3 + 4 + 692*w**3 + 6 + 5*w - w**2. What is the hundreds digit of j(-4)?
8
Suppose 3*f - 6 = -g - 3, 3*g - 4*f = 9. Suppose 3*r - 2149 = 5*x, 13*x - 9*x = g*r - 2144. What is the units digit of r?
8
Let o = 4176 - 2218. What is the hundreds digit of o?
9
Suppose 2*k = x + 95279, 21*x - 26*x = 4*k - 190509. What is the ten thousands digit of k?
4
Let j(h) = 2*h + 1. Let k = -9 - -7. Let b = 5 + k. What is the units digit of j(b)?
7
What is the hundreds digit of (133/(-57))/(1 + (-6464)/6462)?
5
Suppose 47*s - 350 = 12*s. What is the units digit of 1/s - (-7)/(-70)*-3309?
1
Suppose -2*j = -3*j + 2*t + 13, -5*j = -3*t - 30. Suppose j*y = 5*o + 442, 2*y + 152 = -2*o - 3*y. Let h = -34 - o. What is the units digit of h?
2
Let a(p) = -2*p**3 - 159*p**2 - 483*p + 174. What is the thousands digit of a(-77)?
7
What is the hundreds digit of -9*1787/(-12) - 36/144?
3
Let b be (-2)/(-3) - (-130)/30. Suppose -4*c + 172 = a - 16, 4*c - b*a - 212 = 0. Suppose 0 = 2*h + c - 210. What is the tens digit of h?
8
Suppose -3*y = 6*m - m - 538, 2*m = -5*y + 922. Let p = y + 148. What is the units digit of p?
4
Let l(a) = -a - 2. Let r be l(-4). Let i be 1900 + 2 - r*-1. What is the units digit of i/21 + (-8)/(-6)?
2
Suppose 110720 = -205*m + 225*m. What is the thousands digit of m?
5
Let f be 5 - -80 - 0/(-1 + -1). Suppose -f = j - 391. What is the units digit of j?
6
Let a = -772 - -764. Let u = 1263 - a. What is the hundreds digit of u?
2
Suppose 5*z + k - 504 + 67 = 0, 3*z = 5*k + 279. Let l be (3/(-2))/((-9)/(-60)). Let n = l + z. What is the tens digit of n?
7
What is the hundreds digit of (-13893)/264*-3*40/15?
4
Suppose 4*p - 31446 = -5*m, -12576 = -12*m + 10*m - p. Suppose 42 = -14*s + m. What is the units digit of s?
6
Suppose -1269*l = -1208*l - 891637. What is the units digit of l?
7
Suppose 0 = -758*n + 754*n + 9640. Suppose -n - 1334 = -12*k. What is the hundreds digit of k?
3
What is the units digit of ((6 + 0)*(-17)/102)/((-3)/81939)?
3
Suppose -2*s + 21026 = -4*q, -19*s + 42040 = -15*s - 5*q. What is the hundreds digit of s?
5
Suppose -2777 + 57 = 20*z. Let r = z + 952. What is the units digit of r?
6
Let m(d) = 6*d**2 + 304*d + 641. What is the tens digit of m(61)?
1
Suppose -3*b + 4*j = 143, 5*j + 35 = -4*b - 135. Let h = b + 47. What is the tens digit of h*15 + (-3)/1?
2
Let k = 217 + -225. What is the tens digit of (-273)/6*(k + 2 + 0)?
7
Let k(y) = y**3 - 6*y**2 - 7*y + 36. Let i be k(6). What is the hundreds digit of (2415 - -3)/6 - i?
4
Let g = -7554 - -12815. What is the units digit of g?
1
Let w be (-2)/7 + (-16)/(-7). Suppose -v + 240 = -2*u, w*u + 240 = -v + 6*v. Let j = 100 - u. What is the tens digit of j?
2
What is the thousands digit of 3*(-318574)/(-126) - (-32)/(-336)?
7
Suppose -2*k = -5*s - 15, 11*k - 2*s = 13*k - 8. Suppose 5*o + 4595 = k*p, 5*o - 1130 = -3*p + 1643. What is the tens digit of p?
2
Let r = 12029 - 8677. What is the hundreds digit of r?
3
Suppose 6*c = -q + 4*c + 507, -3*q = c - 1511. Suppose q = 5*p - 4*j, 5*j + 400 - 3 = 4*p. Let g = p - 51. What is the tens digit of g?
5
Suppose 0 = 3*u - b - 13, 2*b = -4*u + 1 + 3. Suppose -u*t - 3*o = -2433, 0 = -2*t + 5*t + 2*o - 2437. What is the hundreds digit of t?
8
Suppose 729 = 3*i - i + k, 3*i + 4*k - 1081 = 0. Let t = i - 182. Let a = t + -56. What is the hundreds digit of a?
1
Let r = -84 + 89. Suppose 402 = w + r*w. Let i = w + 45. What is the tens digit of i?
1
Suppose 0 = 6*w - 17*w. Suppose w = -5*g - 15 + 10. What is the tens digit of -1 + -4*g*40?
5
Suppose -23*q = -3*q - 6700. Suppose 23*w - q = 3046. What is the tens digit of w?
4
Suppose 5*n - 276412 = -4*r + 52600, 3*r - n = 246721. What is the tens digit of r?
4
Let w(i) = 51*i + 32. Let b be w(8). Suppose -v = -3*h + 1320, h - 5*v - b = -3*v. Suppose 3*x = -2*x + h. What is the units digit of x?
8
Suppose 50*y - 7*y - 1590197 = -40*y. What is the thousands digit of y?
9
Let z = -306 - -305. What is the tens digit of (20/(-80))/(z/3268)?
1
Let s(v) = 596*v + 7876. What is the units digit of s(53)?
4
Suppose 0 = 5*o + 5*f - 2312 - 26343, 24 = 4*f. What is the thousands digit of o?
5
What is the thousands digit of -4 + 128/28 - 78555/(-35)?
2
Let n(d) = -3*d**2 + 34*d + 49. Let z(v) = -17*v**2 + 171*v + 244. Let y(a) = -11*n(a) + 2*z(a). What is the tens digit of y(-26)?
0
Suppose -20429 = -23*q + 120515. What is the units digit of 1/((-8)/q)*-2?
2
What is the thousands digit of 18 - (-324)/(-9) - -12340?
2
Suppose -g = -4*c - 1928, -5*g = -5*c + 831 - 3226. Let s = c + 727. What is the tens digit of (s/(-6))/((-6)/27)?
8
Suppose 0 = -0*q + 4*q + w + 41, -4*w = -2*q - 34. Let s = q - -3. What is the tens digit of s + 11 + (-234)/(-3)?
8
Let v = 10288 + 7846. What is the units digit of v?
4
Let m be (-152)/(-15) + ((-590)/(-75) - 8). What is the units digit of (-69)/21*(-42)/12*m?
5
Let x(f) = 86*f**3 - f**2 + 84*f - 274. What is the hundreds digit of x(4)?
5
Let w = 8410 - 5066. What is the tens digit of w?
4
Let p(n) = 92*n**2 - 233*n - 7. What is the thousands digit of p(-5)?
3
Let n(y) = -y**3 - 25*y**2 - 15*y - 100. Let l(h) = -h**3 - 24*h**2 - 15*h - 102. Let v(o) = 3*l(o) - 4*n(o). What is the tens digit of v(-27)?
1
Let i be 20/(-12) - -2 - 80/6. Let o = -133 + i. Let m = -48 - o. What is the units digit of m?
8
Let d = 577 + -484. Let a = d + 174. What is the tens digit of a?
6
Let r be 2*2/3*(1 + 2). Suppose -18 = r*c - 34. Suppose -2*d = c*j - 18, -2*d + 4 = j - 8. What is the units digit of j?
2
What is the tens digit of ((-12210)/(-40))/(1/(-40)*-2)?
0
Let s be 49/21 + (-4)/(-6). Suppose 8*i + 20 = s*i, i = -z. Suppose -610 = -9*q + z*q. What is the units digit of q?
2
Suppose f - 6 = 0, 5*m - 53*f = -52*f + 337079. What is the hundreds digit of m?
4
Let p(d) = 4*d**3 - 3*d**2 + d. Let j = 13 + -12. Let h be p(j). What is the tens digit of (-10 + 2)*h/((-12)/147)?
9
Let r = -404 + 404. Suppose r = -a - 10 + 15, -4*q - a = -3105. What is the units digit of q?
5
Supp